or of 628 and 463778?
314
Calculate the greatest common divisor of 6593 and 122491.
347
What is the greatest common divisor of 5460604 and 272?
68
Calculate the highest common divisor of 3409 and 1981.
7
What is the highest common factor of 2872818 and 312?
78
What is the greatest common divisor of 69000 and 3105?
345
What is the highest common divisor of 573 and 135?
3
What is the highest common factor of 63 and 277263?
63
What is the greatest common divisor of 5 and 495685?
5
Calculate the highest common factor of 7345 and 15820.
565
What is the highest common divisor of 1570 and 590?
10
Calculate the highest common divisor of 1224825 and 525.
525
Calculate the highest common divisor of 1296 and 44784.
144
What is the highest common divisor of 104 and 15232?
8
What is the highest common factor of 369 and 960138?
369
Calculate the highest common divisor of 53 and 98.
1
What is the greatest common divisor of 190218 and 7?
7
What is the highest common factor of 14041 and 12806?
19
Calculate the highest common divisor of 292330 and 310.
310
What is the highest common factor of 7620 and 2760?
60
Calculate the highest common factor of 52633 and 182.
7
Calculate the greatest common divisor of 15 and 85.
5
What is the highest common divisor of 1010 and 34946?
202
What is the greatest common divisor of 1897 and 53929?
271
What is the highest common factor of 22 and 772354?
22
Calculate the greatest common factor of 133609 and 112.
7
What is the greatest common factor of 237363 and 231?
21
What is the highest common factor of 68760 and 2232?
72
Calculate the greatest common divisor of 51 and 8993.
17
Calculate the greatest common divisor of 3414 and 1090204.
1138
What is the highest common factor of 625 and 2875?
125
Calculate the greatest common factor of 2 and 18307.
1
What is the greatest common factor of 2076 and 153?
3
Calculate the greatest common factor of 148768 and 64.
32
Calculate the highest common factor of 16560222 and 42.
42
Calculate the greatest common divisor of 621 and 4293.
27
Calculate the highest common divisor of 642 and 96.
6
What is the highest common divisor of 1250 and 189500?
250
Calculate the greatest common factor of 72523 and 418.
209
What is the highest common divisor of 26585 and 221?
13
Calculate the greatest common factor of 108019 and 10901.
991
What is the highest common factor of 30765 and 2835?
105
Calculate the highest common divisor of 1939 and 847.
7
Calculate the greatest common factor of 16107 and 3549.
273
What is the greatest common divisor of 1147 and 4867?
31
What is the highest common factor of 7123782 and 306?
102
What is the greatest common divisor of 198 and 244486?
22
Calculate the highest common factor of 9460 and 45540.
220
Calculate the greatest common factor of 88 and 26411.
11
What is the highest common divisor of 6475 and 75?
25
Calculate the greatest common divisor of 636 and 67098.
318
Calculate the greatest common factor of 2834416 and 26.
26
Calculate the highest common divisor of 34515 and 285.
15
Calculate the greatest common factor of 478794 and 64962.
2406
Calculate the greatest common factor of 115 and 2369.
23
Calculate the highest common factor of 4 and 12295.
1
What is the greatest common factor of 4480 and 1232?
112
What is the greatest common divisor of 3042 and 93600?
234
Calculate the greatest common factor of 1872 and 273.
39
Calculate the highest common factor of 74652 and 60.
12
Calculate the highest common divisor of 34618 and 304.
38
What is the greatest common factor of 125567 and 1014?
169
Calculate the highest common factor of 3420 and 3780.
180
Calculate the greatest common divisor of 3343692 and 1041.
1041
What is the highest common divisor of 306571 and 562?
281
What is the highest common divisor of 132 and 119922?
66
Calculate the greatest common factor of 486 and 28062.
18
What is the greatest common divisor of 137 and 4161375?
137
Calculate the greatest common factor of 18 and 54549.
9
Calculate the highest common factor of 24 and 161772.
12
Calculate the greatest common divisor of 1691 and 10697.
19
What is the greatest common factor of 50699 and 52375?
419
What is the highest common divisor of 10 and 288170?
10
What is the highest common factor of 2484 and 478308?
276
What is the greatest common divisor of 28 and 2285122?
14
What is the greatest common factor of 19386 and 666?
18
Calculate the highest common factor of 713899 and 62.
31
What is the greatest common factor of 1200 and 228400?
400
Calculate the greatest common factor of 2010737 and 335.
67
What is the highest common divisor of 97396 and 52?
52
Calculate the highest common divisor of 10934 and 33938.
142
What is the highest common factor of 3534140 and 4150?
830
What is the greatest common divisor of 959 and 14659?
137
Calculate the highest common factor of 22 and 108152.
22
Calculate the greatest common factor of 133 and 76741.
133
What is the greatest common factor of 12038 and 871?
13
What is the greatest common divisor of 225 and 1089?
9
What is the greatest common divisor of 705 and 3055?
235
What is the highest common divisor of 22 and 122155?
11
What is the highest common factor of 106758 and 567?
81
What is the greatest common divisor of 2785 and 8735?
5
What is the highest common factor of 34635 and 2070?
15
Calculate the highest common divisor of 40546 and 34694.
418
Calculate the highest common factor of 20615 and 1330.
665
Calculate the highest common factor of 15857 and 67981.
157
Calculate the highest common factor of 24 and 1237224.
24
Calculate the greatest common divisor of 750434 and 74.
74
What is the greatest common divisor of 27734 and 392?
98
Calculate the greatest common divisor of 1256 and 12089.
157
What is the highest common factor of 518899 and 789?
263
What is the highest common divisor of 184161 and 1564?
391
Calculate the highest common factor of 1577 and 43472.
19
Calculate the highest common factor of 126170 and 4033.
37
What is the highest common factor of 7124 and 5408?
52
Calculate the highest common divisor of 64 and 2158944.
32
What is the greatest common factor of 177940 and 186?
62
Calculate the greatest common divisor of 2430 and 32940.
270
What is the greatest common divisor of 1719152 and 417?
139
What is the greatest common divisor of 38073 and 999?
111
Calculate the greatest common factor of 528 and 6960.
48
Calculate the highest common divisor of 389747 and 4161.
1387
What is the greatest common divisor of 11 and 264?
11
What is the highest common divisor of 427 and 2703032?
61
Calculate the highest common divisor of 363 and 287100.
33
Calculate the highest common factor of 9067 and 7.
1
Calculate the greatest common divisor of 31 and 47399.
31
Calculate the highest common divisor of 92 and 1564.
92
Calculate the highest common divisor of 2112 and 82720.
352
What is the highest common factor of 19359 and 6?
3
What is the highest common divisor of 560 and 392?
56
Calculate the greatest common factor of 5111296 and 1024.
512
Calculate the greatest common divisor of 3642 and 2507517.
1821
What is the greatest common divisor of 5819 and 299?
23
Calculate the greatest common factor of 1176 and 1806.
42
What is the highest common divisor of 639 and 3714?
3
What is the greatest common factor of 7 and 167769?
7
Calculate the highest common factor of 167416 and 3672.
136
What is the greatest common divisor of 167391 and 252?
63
What is the highest common divisor of 104 and 9194640?
104
What is the greatest common factor of 3312 and 1734?
6
Calculate the greatest common factor of 43885 and 268.
67
What is the highest common divisor of 833048 and 1616?
808
Calculate the highest common divisor of 1183 and 15519.
7
Calculate the greatest common factor of 24 and 548940.
12
What is the greatest common factor of 2847 and 8103?
219
What is the greatest common divisor of 10672 and 534267?
667
What is the highest common divisor of 2226 and 458927?
371
What is the highest common factor of 22207 and 265?
53
What is the greatest common divisor of 39072 and 1848?
264
What is the greatest common divisor of 21 and 486269?
7
Calculate the greatest common factor of 1988136 and 8.
8
What is the greatest common factor of 864 and 3609?
9
Calculate the greatest common factor of 8713